(r) = -10*r**2 - 80*r - 44. What is h(-8)?
-44
Let x(u) = 3*u**2 + 29*u + 69. What is x(-5)?
-1
Let z(t) = 23*t + 24. Give z(0).
24
Let y(k) = 95*k + 4377. Determine y(-46).
7
Let q(k) = 471*k + 18835. Calculate q(-40).
-5
Let b(n) = 3*n**2 - 68*n + 44. Give b(22).
0
Let x(v) = v**3 + 14*v**2 - 36*v + 19. Give x(-17).
-236
Let m(b) = -3*b**3 - 42*b**2 + 44*b - 1. Calculate m(1).
-2
Let j(z) = -505*z + 7069. What is j(14)?
-1
Let v(x) = -66*x - 29. What is v(2)?
-161
Let l(f) = f**3 - 14*f**2 - 9*f + 30. What is l(9)?
-456
Let t(y) = -736*y + 6594. Determine t(9).
-30
Let z(p) = -p**3 + p**2 + 6*p - 16. Give z(-3).
2
Let w(f) = 18*f**2 + 91*f - 36. Calculate w(-6).
66
Let b(y) = 9*y**2 - 287*y + 1418. Calculate b(6).
20
Let o(i) = 42*i**2 - 804*i - 720. What is o(20)?
0
Let d(o) = -458*o - 4663. What is d(-10)?
-83
Let k(n) = n**3 + 43*n**2 - 140*n - 89. Give k(-46).
3
Let n(a) = -141*a + 859. What is n(8)?
-269
Let z(q) = 518*q + 520. Give z(-1).
2
Let t(o) = -29*o + 29. Calculate t(0).
29
Let l(v) = v**3 - 12*v**2 - 7*v + 20. Determine l(13).
98
Let c(a) = -a**3 - 108*a**2 - 960*a + 1965. Determine c(-98).
5
Let d(j) = 8*j**2 + 147*j + 36. What is d(-18)?
-18
Let c(f) = 2*f**3 + 2*f**2 + 17*f + 65. Give c(-4).
-99
Let i(y) = -y**3 + 8*y**2 + 5*y - 34. What is i(3)?
26
Let c(a) = -3*a**2 - 7*a + 1179. What is c(-21)?
3
Let z(f) = 544*f + 463. Determine z(-1).
-81
Let z(r) = -58*r + 137. Determine z(3).
-37
Let b(t) = -41*t**3 - 6*t**2 - 8*t - 11. Determine b(-2).
309
Let n(u) = -6*u**3 + 2*u**2 + 9*u + 8. Calculate n(-1).
7
Let h(t) = -t**3 + 6*t**2 + 101*t - 824. What is h(8)?
-144
Let s(d) = -d**2 + 883*d + 7079. Determine s(-8).
-49
Let f(o) = o**2 - 227*o - 1638. Determine f(-7).
0
Let m(i) = i**3 + 2*i**2 - 2*i + 1. Give m(-4).
-23
Let c(i) = i**3 - 51*i**2 - 173*i + 583. Calculate c(54).
-11
Let q(c) = 6*c**3 + 182*c**2 + 72*c + 57. What is q(-30)?
-303
Let j(c) = c**3 + 51*c**2 + 53*c + 158. Give j(-50).
8
Let v(f) = f**3 + 12*f**2 - 16*f - 12. Determine v(-13).
27
Let w(g) = 12*g**2 - 24*g - 69. What is w(-5)?
351
Let z(v) = v**3 + 7*v**2 - 279*v - 1707. Give z(-6).
3
Let s(p) = -2*p + 43. Determine s(9).
25
Let y(q) = 81*q**2 - 223*q - 56. What is y(3)?
4
Let r(k) = -k**3 - 146*k**2 - 701*k + 554. Determine r(-141).
-10
Let r(y) = y**3 + 11*y**2 - 26*y + 38. Determine r(-7).
416
Let l(g) = -g**3 + 12*g**2 - 127*g + 1513. Determine l(12).
-11
Let k(q) = 14*q**3 - 7*q**2 - 22*q - 14. Calculate k(-2).
-110
Let s(k) = 1216*k - 40129. Calculate s(33).
-1
Let n(t) = 34*t + 451. Determine n(-14).
-25
Let w(d) = -14*d**3 + d**2 - 2*d - 6. Give w(-2).
114
Let d(b) = b**2 + 20*b - 107. Calculate d(5).
18
Let w(f) = 3*f**2 - 57*f + 145. Determine w(16).
1
Let z(h) = -57*h - 95. What is z(-3)?
76
Let p(u) = -u**3 + 27*u**2 + 75*u + 439. Determine p(30).
-11
Let s(v) = -v**2 - 41*v + 458. What is s(9)?
8
Let r(p) = 9*p**2 + 14*p - 6. Calculate r(-2).
2
Let l(v) = 309*v + 4. Calculate l(0).
4
Let i(j) = -707*j + 8490. Give i(12).
6
Let l(s) = 22*s**3 - 37*s**2 - 1. Calculate l(2).
27
Let c(v) = -5*v**2 - 40*v - 3. Determine c(-6).
57
Let k(t) = -16*t - 232. Calculate k(-17).
40
Let n(x) = x**3 + 110*x**2 + 429*x + 493. What is n(-106)?
-37
Let a(z) = -z**3 + 51*z**2 + 159*z + 84. Give a(54).
-78
Let b(r) = 3*r**2 - 11*r - 138. Determine b(10).
52
Let y(z) = z**3 - 27*z**2 - 90*z - 39. Calculate y(30).
-39
Let k(v) = v**2 + 21*v - 205. What is k(-29)?
27
Let o(b) = b**3 - 4*b**2 - 370*b + 1466. Give o(4).
-14
Let b(u) = 2*u**2 + 78*u + 419. Determine b(-33).
23
Let s(y) = 55*y - 298. What is s(9)?
197
Let w(s) = -s**3 - 17*s**2 - 52*s + 7. Give w(-13).
7
Let p(x) = 23*x**2 - 585*x - 338. What is p(26)?
0
Let y(h) = -196*h + 751. Give y(5).
-229
Let l(q) = -19*q + 157. Give l(10).
-33
Let m(y) = y**3 + 51*y**2 + 52*y + 200. Give m(-50).
100
Let n(b) = -4*b**3 + 14*b**2 + 916*b + 36. What is n(17)?
2
Let k(i) = 2*i**2 + 78*i + 678. Calculate k(-17).
-70
Let n(z) = -390*z - 1152. Determine n(-3).
18
Let n(s) = -s**3 - 3*s**2 + 137*s + 93. What is n(-13)?
2
Let d(g) = -427*g - 14. Give d(0).
-14
Let s(o) = -2*o**2 - 28*o + 207. What is s(6)?
-33
Let x(u) = -u**3 + 68*u**2 - 32*u + 2228. Calculate x(68).
52
Let u(x) = -52*x**2 + 1197*x - 23. Calculate u(23).
0
Let d(s) = -s**2 + 13*s - 49. Calculate d(21).
-217
Let m(i) = 3*i - 42. What is m(11)?
-9
Let j(f) = 342*f - 54372. Calculate j(159).
6
Let q(n) = 2*n**2 + 18*n + 27. Determine q(-2).
-1
Let q(o) = o**2 - 2324*o - 222276. Calculate q(-92).
-4
Let o(x) = 4*x**2 - 28*x - 47. Calculate o(10).
73
Let i(x) = x**2 + 38*x - 371. Determine i(8).
-3
Let f(t) = -25*t + 38. Determine f(0).
38
Let t(o) = 42*o + 1261. What is t(-30)?
1
Let s(w) = 538*w + 2177. What is s(-4)?
25
Let v(z) = -z**3 + 21*z**2 - 48*z - 186. Give v(19).
-376
Let g(d) = 4*d**2 + 56*d - 164. Calculate g(-19).
216
Let w(n) = -5*n - 35. What is w(0)?
-35
Let i(o) = o**3 + 14*o**2 + 18*o + 38. Calculate i(-13).
-27
Let l(u) = -2*u**2 - 128*u - 777. What is l(-6)?
-81
Let q(o) = -o**2 + 15*o + 124. What is q(20)?
24
Let j(a) = -22*a + 434. Calculate j(14).
126
Let s(u) = 9*u - 17. Give s(-3).
-44
Let j(a) = 4*a**3 + 113*a**2 + 101*a + 14. Give j(-27).
932
Let z(d) = 19*d**2 - 2031*d - 168. Determine z(107).
46
Let l(m) = 125*m - 67. What is l(0)?
-67
Let k(z) = -z**3 - 6*z**2 + 25*z - 1. Give k(-6).
-151
Let r(n) = -12*n**2 + 1452*n + 5. Determine r(121).
5
Let j(a) = -626*a - 5441. Give j(-8).
-433
Let f(h) = h**3 + 2*h**2 - 51*h + 15. Calculate f(7).
99
Let y(v) = -24618*v + 24618. Give y(1).
0
Let j(z) = -z**2 - 55*z - 623. Determine j(-13).
-77
Let x(j) = 7*j**2 - 8*j. Give x(2).
12
Let v(j) = 3*j**3 - 131*j**2 + 91*j - 169. Calculate v(43).
46
Let z(u) = u**3 - u**2 + 8*u - 18. Give z(3).
24
Let f(w) = w**3 + 11*w**2 - 30*w + 8. Give f(-12).
224
Let n(z) = 16*z**2 + 42*z - 2. Calculate n(0).
-2
Let d(u) = 45*u + 380. What is d(-10)?
-70
Let f(k) = 14*k - 4. Calculate f(-14).
-200
Let c(g) = -g - 27. Give c(14).
-41
Let h(l) = -631*l + 15153. What is h(24)?
9
Let h(z) = z**3 - 41*z**2 + 24*z + 845. Calculate h(40).
205
Let z(k) = 135*k + 2813. Calculate z(-21).
-22
Let y(p) = 34*p + 91. Give y(-7).
-147
Let o(w) = -809*w - 5655. Give o(-7).
8
Let t(f) = -f**3 + 11*f + 1. Determine t(-5).
71
Let b(a) = 3*a**2 + 11*a + 63. Determine b(-6).
105
Let b(q) = q**2 + 521*q + 3142. Determine b(-6).
52
Let m(u) = 9*u**2 + 79*u - 83. Determine m(1).
5
Let u(b) = -1198*b - 9594. Determine u(-8).
-10
Let p(s) = s**3 + 6*s**2 + s + 11. What is p(-6)?
5
Let a(o) = -o**3 + 22*o**2 - 40*o + 20. Calculate a(20).
20
Let s(z) = 437*z - 12653. Calculate s(29).
20
Let h(i) = -20*i - 115. Give h(-7).
25
Let u(a) = 2*a**2 + 214*a + 5437. Give u(-64).
-67
Let f(z) = -85*z - 413. Determine f(-5).
12
Let v(l) = -l**3 - 26*l**2 - 4*l - 83. What is v(-26)?
21
Let m(n) = -n**3 + 2*n**2 + 16*n - 55. Determine m(6).
-103
Let x(f) = -f**2 - 66*f - 1076. Determine x(-35).
9
Let d(z) = z**3 + 26*z**2 + 22*z - 83. Give d(-25).
-8
Let b(n) = 65*n**2 - 28*n + 24. Determine b(2).
228
Let q(a) = 8*a**2 - 11*a - 6. Give q(2).
4
Let q(v) = -697*v + 7672. Give q(11).
5
Let l(u) = u**2 + 33*u - 490. Calculate l(-44).
-6
Let l(t) = 449*t - 451. Calculate l(1).
-2
Let k(q) = 2*q**2 - 39*q - 34. Give k(19).
-53
Let t(m) = -45*m - 436. Determine t(-9).
-31
Let d(r) = -102*r + 914. What is d(9)?
-4
Let r(l) = -l**3 - 22*l**2 + 11*l - 248. Determine r(-23).
28
Let v(k) = -148*k - 482. Give v(-3).
-38
Let k(s) = 4*s**2 + 88*s + 280. What is k(-18)?
-8
Let m(p) = -p**3 + 8*p**2 - 23*p + 31. Determine m(6).
-35
Let l(c) = 15*c**2 + 22*c - 1. What is l(-2)?
15
Let b(m) = m**3 + 10*m**2 - 19*m - 47. Give b(-10).
143
Let v(b) = 1994*b - 29858. Give v(15).
52
Let x(i) = 3*i**3 - 3*i**2 + 441*i - 441. Give x(1).
0
Let v(q) = 200*q - 1985. Give v(10).
15
Let d(u) = -4*u**3 + 447*u**2 + 112*u - 147. Calculate d(112).
-147
Let u(v) = v**2 + 214*v + 1050. What is u(-5)?
5
Let q(u) = 92*u + 344. Calculate q(-11).
-668
Let c(s) = s**3 - 12*s**2 + 5*s - 18. Give c(12).
42
Let g(h) = 11*h**3 - 305*h**2 - 80*h - 65. Give g(28).
47
Let c(g) = -g**3 - 7*g**2 - 112*g - 1141. Determine c(-9).
29
Let d(q) = -6*q - 470. Determine d(-13).
-392
Let s(a) = 3*a**2 - 50*a + 157. What is s(12)?
-11
Let y(i) 